(-4). Is (-2)/m - (-262)/3 prime?
False
Is 4/2 - (3 - 308) prime?
True
Let j(k) = k**3 + k**2 - 1. Let h be j(1). Let x be (-2)/(-1) - (h - -2). Is x/(-3 - (-1264)/422) prime?
True
Let r(y) = 38*y**2 + 1. Let t be r(-1). Let p be 2/13 - 3832/(-104). Suppose -p = -4*m + t. Is m a composite number?
False
Let d be (-39)/(-2)*64/12. Suppose 3*f = 4*y - 156, -d = -2*y - f - 16. Suppose -27 = -3*v + y. Is v a composite number?
False
Let y = -5 - -9. Suppose 754 = 4*d - 2*l - 0*l, 0 = y*d + 4*l - 784. Is d prime?
True
Let u(t) = 4*t + 2 + 2*t**2 - 2*t + 2*t**3 - 4*t - 3*t. Is u(3) prime?
True
Let g(c) = -223*c**3 + c**2 + c - 1. Let f be g(1). Let s = -51 - 326. Let a = f - s. Is a a prime number?
False
Let q(j) be the second derivative of -j**7/210 - j**5/30 - j**4/24 + j**3/2 - j. Let v(h) be the second derivative of q(h). Is v(-3) a composite number?
True
Suppose y + 3 = 0, 2*t = 4*t - 3*y - 811. Suppose -3*f + 202 = -t. Is f a prime number?
False
Suppose -t = t. Let l(m) = -m**2 + 2*m + 145. Is l(t) a prime number?
False
Let a(w) = 0 + 6 - w + w + 35*w**2. Is a(3) a prime number?
False
Let x(l) = 3*l + 0 - 1 + 3*l. Is x(10) composite?
False
Let m(a) be the first derivative of -49/4*a**4 - a + 1/3*a**3 + 1 + 0*a**2. Is m(-1) prime?
False
Is (-149)/(-7) - 6/21 a prime number?
False
Let o = 128 + -63. Is o a composite number?
True
Suppose -4347 = -5*v + 3*m + 992, 4*m - 3215 = -3*v. Is v a composite number?
False
Let g be 7 - (8 + -2)/3. Let k(w) = 4 - g + 5*w + 2 + 4*w. Is k(6) composite?
True
Let j(y) = -y**2 + 6*y + 7. Let w be j(7). Suppose 4*d + q + 1 = w, 3*d + 5*q + 23 = d. Let c = d + 1. Is c prime?
True
Is 3 - -129 - (1 + 0) a prime number?
True
Suppose 0 - 20 = 2*p. Let n = p - -7. Is 0 + (1 + n - -115) a composite number?
False
Let p(o) = o**3 + 3*o**2 - o - 1. Let x be p(-3). Suppose -r + x*b + 0*b = -8, -3 = b. Suppose -r*y + 1 = 4*a - 53, -a = -y - 18. Is a composite?
True
Let v(c) = -4*c**3 - 3*c**2 - c + 2. Let w be v(-2). Suppose -3*p = -6*p + w. Suppose 0 = 5*j - p - 7. Is j a composite number?
False
Let s = 2555 + -754. Is s a prime number?
True
Suppose 0*g - 2*g = 3*d - 47, 0 = -g + 1. Is d prime?
False
Let q be -3 + 4 - 2 - -39. Let o be 0 + -6 + 3 + q. Let g = 66 - o. Is g composite?
False
Is -191*(0/(-2) + -1) a composite number?
False
Let k(h) = h**3 - h + 4. Suppose 3*j + 23 - 8 = -4*g, -3*j - 15 = g. Let v be k(g). Is (-211)/v*4/(-1) composite?
False
Let r(k) = 866*k + 3. Is r(1) a prime number?
False
Let c = -65 - -95. Let v = -9 + c. Is v prime?
False
Let i(m) = -19*m - 3. Let u be i(-4). Let j = u + 10. Is j a prime number?
True
Let x(v) = -5*v - 4*v**2 + 2*v**3 + 3*v**3 - v**3 - 1 + 2*v**2. Let i be x(4). Suppose 3*h - 184 - 21 = -m, -m - 4*h + i = 0. Is m a prime number?
True
Suppose 0*r + 32 = 4*r. Let y be 14/r*(7 - 3). Let t = y - -32. Is t a composite number?
True
Suppose -5*z + 5*h = -35, -21 = -4*z - 5*h - 2. Let c = -4 + z. Suppose -c*b + 112 = -2*l, 0 = -b + 3*l - l + 59. Is b a composite number?
False
Suppose -416 + 141 = -5*w. Is w a composite number?
True
Is (-1)/(2 - (-527)/(-263)) a prime number?
True
Let k = -72 + 134. Suppose 4*y + 10 = -3*i, -16 = -3*i + 3*y + 2. Is (-1)/(i - k/30) composite?
True
Let o = -42 + 69. Suppose 157 = 2*s + o. Is s a composite number?
True
Let d(m) = m**2 - 3*m + 3. Let y be d(3). Let p = 35 - 18. Suppose 100 = y*i - p. Is i a composite number?
True
Let u be (0/(2 - 3))/1. Suppose 0*p - p + 251 = u. Is p prime?
True
Suppose 0 = -5*w + 2*u + 20, 0*w - w + 4*u + 22 = 0. Suppose 2*p = 6 - w. Suppose -d - 2 = -p*d. Is d composite?
False
Suppose -2*y - 5*u = -35, -y + 5 - 1 = -2*u. Let n(x) = x. Is n(y) a prime number?
False
Let y(d) = -d**2 - 5*d + 8. Let v be y(-6). Let z = v + -4. Is (-27)/z + (-2)/4 a prime number?
True
Suppose 2*s + 600 = 5*s. Suppose 2*p + 66 = -o + s, 4*p = o + 256. Is p a composite number?
True
Let l(t) = 26*t**2 + t - 3. Let j be l(3). Suppose 3*n + 2*m = 237, -2*n - m + j = n. Is n a composite number?
True
Let i(o) be the second derivative of o**4/12 - o**3/3 + 3*o**2/2 - 8*o. Suppose 3*t - 4*t + 4 = p, t = -3*p + 8. Is i(t) composite?
False
Suppose 0*n + 81 = 3*n. Suppose 4*g = n + 21. Suppose -l + g = l. Is l composite?
True
Let w(v) = -v**3 - v**2 - 4*v - 7. Let i be w(-4). Suppose -r - 211 = -2*q + 13, 0 = -4*q + 4*r + 456. Let x = q - i. Is x a prime number?
True
Suppose 0*o = -3*o + 9. Let n(m) = 6*m - 5 - 5 + 13. Is n(o) a prime number?
False
Suppose -4 = d - r - 53, 2*d - 92 = 5*r. Suppose 5*s - d = 2*l, 4*s + 3*l + 2*l = 21. Is (-1 - 138/s)*-3 a prime number?
False
Suppose 0 = -2*y - 3*m - 21, 0 = 4*y - 4*m + m - 3. Let j be -1 + 2 + y - 4. Is (-4)/12 - 152/j a composite number?
True
Let g = 30 + -18. Is 796/g*-1*-3 prime?
True
Suppose 2*l + 2587 + 1097 = 0. Is -1 + 0/2 - l composite?
True
Let v be -3 + -2 + 0 + 1. Suppose 2*y = 4*y - 70. Let n = y + v. Is n a prime number?
True
Suppose -5*h + 6*d + 25 = d, 11 = -2*h - 5*d. Suppose h*f + 957 = 5*i - 0*f, 0 = 3*f + 3. Is i a prime number?
True
Suppose o + 4 = 4*z + 5*o, 5*o - 5 = -3*z. Let v = z + 4. Let l = v + 10. Is l composite?
True
Let b be 128/7 - (-10)/(-35). Let v = 29 + b. Is v composite?
False
Suppose 8 = -5*g + 183. Is g prime?
False
Let r(j) = j**3 + 10*j**2 - 9*j + 3. Let w be r(-9). Let n = -38 + w. Is n composite?
False
Suppose 4*o + 2*k - 20 = 0, 0 = 5*o - 5*k - 3 - 52. Let m be 2 + o + (-6)/3. Let j = m - -26. Is j a composite number?
True
Let v be -7 - (-4 - (-1)/1). Is (v/(-6))/((-6)/(-297)) a prime number?
False
Suppose 8 = 3*v - 7. Let l(x) = 5*x**2 - 6. Is l(v) prime?
False
Suppose -w + 50 = 4*w. Let y = w + -7. Suppose -a = -3 - y. Is a prime?
False
Let i = -5 + 12. Let w = i - 2. Suppose 7*h - w*h - 6 = 0. Is h a composite number?
False
Suppose f - 26 = 17. Suppose 4*v = 197 + f. Is ((-1)/(-3))/(2/v) a prime number?
False
Let q = 458 + -165. Is q a composite number?
False
Let y = 2125 + 406. Is y prime?
True
Let a = 108 + -63. Suppose 4*b - 151 = a. Is b a composite number?
True
Suppose 6 = 3*u, o - 124 = 2*u + 203. Is o composite?
False
Let t = -12 - -12. Suppose t = a + 2*a - 177. Is a a prime number?
True
Suppose d - 18 = g, 0 = -5*d + g + g + 90. Let f be 1 - (9 - 3/(-1)). Let r = d + f. Is r composite?
False
Let z(t) = 1119*t**3 + 3*t**2 - 1. Is z(1) prime?
False
Let f(w) = 10 + 0*w - w + 2*w. Is f(9) prime?
True
Is (2 + 0)*892/8 a composite number?
False
Suppose 5*z = b - 13 - 13, -168 = -4*b + 4*z. Is b prime?
False
Suppose 0 = 4*k + 636 - 1976. Is (4 - 2)/(10/k) a composite number?
False
Let l(k) = -k**3 + 22*k**2 - 16*k + 1. Is l(20) composite?
True
Let l(o) = -o**3 - 3*o**2 + 4*o + 3. Let h be l(-4). Let f be 1 - h - (1 - 391). Suppose 0 = 2*a + 2*a - f. Is a composite?
False
Is 1 - -478 - 0/7 a prime number?
True
Is 902 - -6 - 3/(-1 - -4) prime?
True
Let x = 434 - -761. Is x a prime number?
False
Suppose -4 = -4*d, 3*q + d + 4*d = 320. Suppose -2*m + 7*c + 42 = 2*c, q = 5*m + c. Is m prime?
False
Let s(r) = -4*r + 4. Let d be s(3). Let i(q) = -53*q + 3. Let y be i(d). Suppose 0 = -3*p - 2*b + y, -3*b = -3*p - 129 + 576. Is p a prime number?
False
Is (100/(-35) - (-2)/(-14)) + 86 a composite number?
False
Suppose 0 = 3*t - x - 428, -2*x = 5*t - 6*x - 711. Is t prime?
False
Suppose -3*l + 443 = 2*q - 3*q, -608 = -4*l - 3*q. Is l composite?
False
Suppose -3*b - 8465 = -8*b + 2*k, 3*k = -2*b + 3386. Is b a composite number?
False
Let k be (1/(-1))/(3/(-15)). Suppose k*c + 0*i = 3*i + 53, -2*i = -8. Is c a composite number?
False
Let i(a) = -a**3 + 2*a**2 - 2*a + 3. Let c be i(2). Let d be c/(3 - 26/8). Suppose 129 = 4*w - 4*p + 3*p, -d*w + 5*p = -149. Is w prime?
True
Let f(t) = 3*t + 7. Let l(h) = h - 1. Let q(j) = j**3 - j**2 - 4*j. Let a be q(3). Let o(d) = a*l(d) + f(d). Is o(6) prime?
False
Let u(q) = -q**3 - 4*q**2 - q + 2. Let p be u(-4). Let o(t) = t**2 - 2*t - 5. Is o(p) a composite number?
False
Let t = -533 + 756. Is t prime?
True
Let y(t) = 4 - 2 - 1. Let f(g) = 10*g + 5. Let d(l) = -f(l) + 5*y(l). Is d(-1) a prime number?
False
Let d = -6932 - -13435. Is d prime?
False
Let d be -59*(0 - (-5)/(-1)). Suppose -3*y + d - 64 = 0. Is y composite?
True
Suppose -2 = -d + 1. Suppose 7*k = d*k + 204. Is k a composite number?
True
Let c be 2 + (-4)/(0 + -2). 